pose -29*v = -q*v + 14. Suppose v*d = 11*d - 236. Calculate the remainder when d is divided by 15.
14
Let t = -80 - -126. What is the remainder when 366 is divided by t?
44
Let i = 623 - 561. What is the remainder when i is divided by 17?
11
Suppose -23*i = -397 - 3904. Calculate the remainder when i is divided by 62.
1
Let p = 3 - -21. Suppose 0 = -p*u + 20*u + 116. What is the remainder when 56 is divided by u?
27
Suppose -2*x + 4*i - 115 + 649 = 0, 4*x - i = 1047. Suppose 2*o - x = -o. What is the remainder when o is divided by 30?
27
Let p = 202 + -168. Let b(g) = g**2 - g + 19. What is the remainder when p is divided by b(0)?
15
Let x(j) = -29*j**3 - j**2 + j + 1. Calculate the remainder when 78 is divided by x(-1).
22
Suppose -2*y + 64 = -y. Let p = -42 + y. Let v = 249 + -165. Calculate the remainder when v is divided by p.
18
Let r = 416 + -289. Calculate the remainder when r is divided by 65.
62
Let b(d) = -d**2 + 7*d - 4. Let p be b(3). Suppose 0 = -p*g + 44 + 52. Calculate the remainder when 59 is divided by g.
11
Let p(c) = c**2 + 5*c - 2. Let b be p(-5). Let j = b - -11. Calculate the remainder when 17 is divided by j.
8
Let a = 109 + -63. Suppose 2*v - 10 = -h, 22 + a = 5*h + 4*v. What is the remainder when 45 is divided by h?
13
Let z(g) = -25*g + 24. What is the remainder when 67 is divided by z(0)?
19
Suppose k - 2*n = 43, 6*n - 8*n = -4*k + 166. Let b(w) = -8*w - 1. Calculate the remainder when k is divided by b(-2).
11
Let p(t) = -t**3 - 10*t**2 - 10*t - 9. Let n be p(-9). Suppose n = -7*b + 11*b - 136. What is the remainder when b is divided by 21?
13
Let d(x) = -x**3 - 4*x**2 - 4*x - 1. Let l be 2 - 6 - (0 + -1). Suppose -4 = 23*t - 25*t. What is the remainder when t is divided by d(l)?
0
Suppose 7*z - 1505 = 3*z - f, -4*z = -f - 1495. Calculate the remainder when z is divided by 10.
5
Let t(q) = 2*q**2 + 5*q + 1. Let a be t(-3). Let u(r) = -r**3 + 5*r**2 + r - 4. Calculate the remainder when 41 is divided by u(a).
9
What is the remainder when (52/(-8) + 6)/(16/(-3360)) is divided by (-54)/(-4)*(-2)/(-1)?
24
Let z = -29 - -59. Suppose 3*d = d - 2*u + z, 0 = 2*d + u - 32. Calculate the remainder when (6/8)/(2/88) is divided by d.
16
Suppose 5*t + 5 = -2*u, 5*u = u - 3*t - 3. Suppose -4*k + 60 = -u*k. Let a(f) = 2*f**2 - 12*f + 11. Calculate the remainder when a(8) is divided by k.
13
Suppose 3*i + 3*q - 39 = 0, 0 = 4*i + 2*q - 49 - 9. What is the remainder when 93 is divided by i?
13
Calculate the remainder when -8 + 6 + 54 + 6 is divided by 20.
18
Suppose 0*j = -2*j. Suppose j = -6*q + 2*q. Suppose -f + m = -2*f + 47, 2*f - 2*m - 86 = q. What is the remainder when f is divided by 16?
13
Suppose 44*f - 1922 = 13*f. What is the remainder when 679 is divided by f?
59
Let z = 30 + -21. What is the remainder when 81/z*(3 + -1) is divided by 4?
2
Let x = -300 - -307. Calculate the remainder when (30/(-9))/(2/(-6)) is divided by x.
3
Let x = -849 - -869. Calculate the remainder when 657 is divided by x.
17
Let v = 202 - 134. Let z = 36 + -68. Let o = -9 - z. Calculate the remainder when v is divided by o.
22
Let z be -2*(-2)/4*42. Suppose -3*q = 5*n - 51, 4*n + 3*q = -0*q + z. Let y = 19 - n. Calculate the remainder when 28 is divided by y.
8
Let r be (9/6 + -1)*-46. Let s = 59 + r. What is the remainder when 106 is divided by s?
34
Let b(h) = 4*h**2 - 6*h + 7. Suppose -6 - 3 = -3*c. Calculate the remainder when 96 is divided by b(c).
21
Suppose -20 + 8 = -p + 4*d, d + 3 = 0. Suppose 3*b - 86 = -5*w - p*b, -5*w + 5*b = -110. What is the remainder when -3*4/(-6) + 52 is divided by w?
16
Let n(c) = 16*c**2 - c - 1. Let y = -2927 + 2949. Calculate the remainder when n(-2) is divided by y.
21
Calculate the remainder when 81 is divided by ((-66)/(-12))/(-11)*(-54 + -2).
25
Suppose -5*a + 22 = -8. Calculate the remainder when 88 is divided by a.
4
Let d be (2 - -2)/(-1) - 13*-3. Let y = 37 - d. Calculate the remainder when 5 is divided by y.
1
Suppose 2*x + o = -4*o + 116, 5*o = 5*x - 220. What is the remainder when 237 is divided by x?
45
Let r(g) = -g**3 - 12*g**2 - 17*g + 44. What is the remainder when 322 is divided by r(-11)?
102
Let d be 2/((-4)/6 - 176/(-282)). Let p = d + 49. What is the remainder when 6 is divided by p?
0
Let i(u) = -2*u + 49. Calculate the remainder when 22 is divided by i(20).
4
Let q(l) be the third derivative of l**5/60 - l**4/3 - 19*l**3/6 - 6*l**2. What is the remainder when q(12) is divided by 10?
9
Let z(g) be the second derivative of 4*g**3/3 - 19*g**2 - g. What is the remainder when z(12) is divided by 69/3 - 4 - -1?
18
Let f(h) = -h**2 + 2*h + 69. What is the remainder when 687 is divided by f(0)?
66
Let z(n) = -4*n + 4. Let g be z(-4). Suppose 0 = 3*u - 5*f - 161, -u + g + 17 = -5*f. What is the remainder when u is divided by 33?
29
Suppose 3*w - 24 = -6. Let n be 0 + (-3 + 1 - 19). Let q = n - -43. What is the remainder when q is divided by w?
4
Let g(a) = -11*a - 115. What is the remainder when g(-15) is divided by 13?
11
Let q(x) = x**2 + x - 1. Let t be q(2). Suppose 84 = t*l + l. Calculate the remainder when 39 is divided by l.
11
Let p = -32 - -32. Suppose 11*w - 13*w + 20 = p. What is the remainder when 28 is divided by 137/9 + w/(-45)?
13
Suppose -38*l = -51*l + 2015. Calculate the remainder when l is divided by 40.
35
Suppose 4*o = 4*t + 344, -4*o + 4*t - 2*t + 344 = 0. Let z = 118 - o. Calculate the remainder when z is divided by 11.
10
Suppose 3 = 3*j - 2*j. Let d(w) = -w**2 + 17*w + 5. What is the remainder when d(17) is divided by j?
2
Let l = -806 + 1963. What is the remainder when l is divided by 10?
7
Let r(s) = 3*s - 2. Suppose -3*t + 30 = t - 2*c, -3*c - 21 = -3*t. Let i be r(t). Suppose h = i + 6. Calculate the remainder when h is divided by 16.
12
Let k be 4/10*(7 - -18). Suppose 3*n = k*n. Suppose -l - p + 13 = l, n = 2*l - 3*p - 9. Calculate the remainder when 17 is divided by l.
5
Let q be 2/9 - 28/126. Suppose 3*u - 2*f = -q*f + 249, -f = 5*u - 402. Calculate the remainder when u is divided by 28.
25
Suppose -4*y = g + 6, -g + 6*g - 39 = 3*y. Calculate the remainder when g is divided by ((-2)/12 - 210/(-180)) + 0.
0
Let m = 641 - 566. Calculate the remainder when 747 is divided by m.
72
Suppose 0*z = -5*z - 2*j + 8, z + 4 = j. Suppose z = -3*t + 2*g - 5, -22 = 3*t + t + 5*g. Calculate the remainder when 24 is divided by 3 - (-3 - 10 - t).
11
Suppose 0 = -2*q + 3*a + 2, -q + 4 - 2 = -a. Calculate the remainder when 69 is divided by q.
1
Let j(i) = -i**3 + 12*i**2 - i + 17. Suppose f + 3*f - 28 = 0. Let y = f - 4. Calculate the remainder when j(12) is divided by y.
2
Suppose -33 = -h - 2*h. Let a(b) = -b**2 + 12*b - 9. Let g be a(h). Suppose g*u + 12 - 38 = 0. Calculate the remainder when 24 is divided by u.
11
Suppose 0*i + 2*i - 22 = 0. Suppose -4*v + 174 = -s + 6*s, 2*v - 72 = 5*s. What is the remainder when v is divided by i?
8
Let u = -155 - -218. Calculate the remainder when u is divided by 35.
28
Suppose -13 = -v - 5. Suppose -2*h + 4*n + 2 + v = 0, -2*n = -2*h + 6. What is the remainder when 29 is divided by h + 12/(-4) - -8?
5
Suppose 5*a - 19 = -9. Calculate the remainder when -11*3*a/(-2) is divided by 9.
6
Suppose -106 = -3*l + 2*j, -6*j + 3*j + 130 = 4*l. What is the remainder when 162 is divided by l?
26
Let t(i) = i**2 - 16*i + 3. Suppose j = 3*l + 16 - 5, 0 = -5*l + 5. Let d be t(j). Let g = -4 - d. What is the remainder when 40 is divided by g?
19
Suppose -y = y - 68. Suppose -w + a = -2*w + 4, -w + 4 = 5*a. Suppose -n - n + 82 = w*j, -5*j - 2*n = -100. What is the remainder when y is divided by j?
16
Let o = 260 - 181. Let m(z) = -z**3 - 10*z**2 - 5*z - 9. Calculate the remainder when o is divided by m(-10).
38
Let c(f) = 18*f**2 - 6*f - 6. What is the remainder when c(-2) is divided by 28?
22
Suppose 6*s - 4*s + 5*k = 23, -4*k + 12 = 0. Suppose 2*z - 13 = 9. What is the remainder when z is divided by s?
3
Let v(o) be the third derivative of o**6/120 + o**4/24 + 109*o**3/3 - 13*o**2. Calculate the remainder when v(0) is divided by 22.
20
Let z = 16 - 14. Suppose -z*q = 4*r - 152, -r + 220 = 3*q - 3*r. What is the remainder when q is divided by 26?
22
Suppose 0 = 3*w + 4*o - 50, 3*w + o - 41 = 3. Let p(y) = -2*y + 16. Let m be p(6). Calculate the remainde